6*a - 5. Let s(q) = -3*q**2 + 11*q + 9. Let l(m) = -5*h(m) - 3*s(m). Suppose 4 + 5 = -3*g. Calculate l(g).
-2
Let w(n) = -2*n - 1. Let m be (-1)/1*0/4. Let p = 1 - m. Let v be p/((-1 - -2)*-1). Determine w(v).
1
Let m be -1 - (-5)/(2 - 1). Let l(r) = -2*r - 2. Calculate l(m).
-10
Let z(j) = 2*j + 1. Let a(m) = m**3 - 3*m**2 - 2*m - 4. Let w be a(4). Let h be (0 - (-7)/4)*w. Let c = 6 - h. Give z(c).
-1
Let u(q) = q + 1. Suppose 8 = t + 4*z, 3*z + 89 = 5*t - t. Suppose f - t = -3*f. Suppose -5*i = f*l + 15, 2*i + 3*l + 14 = 5. Give u(i).
1
Let q(a) = -a. Let y(f) = 5*f. Let s(u) = -11*q(u) - 2*y(u). Let p be ((-10)/(-15))/((-2)/(-3)). Let d be ((-6)/(-18))/(p/(-9)). Determine s(d).
-3
Let g(l) = l - 7. Let r = 12 + -6. Suppose -d + r = -0. Give g(d).
-1
Let f(z) = z - 1. Let t(r) = 3*r - 8. Let j(n) = -4*f(n) + t(n). Determine j(-5).
1
Suppose -99 = -5*p + 161. Let x be 2/12 + p/(-24). Let m(s) = 4*s - 2 + s + 3*s**2 - 3*s. What is m(x)?
6
Let h(w) = -2*w - 3*w + 7 + 4*w + 3*w. Suppose -m + 5*l - 3 = 0, m + 15 = -4*m - 5*l. Let b be 14/m + (-4)/12. Calculate h(b).
-3
Let w(v) = -v**2 + 5*v - 4. Let g be w(4). Let n(j) be the second derivative of -1/6*j**3 + 0 - 5/2*j**2 - 2*j. Determine n(g).
-5
Let z(m) = 0 + 4 + 2*m + 1. What is z(-4)?
-3
Suppose -3*n = -n - 8. Suppose n*k = 3*k. Let f(j) be the first derivative of -j**3/3 - j**2/2 + 5*j - 2. Calculate f(k).
5
Let u(f) = f**3 - f**2 + f. Let m = -5 + 8. Suppose 20 = m*a + 2*a. Let l(d) = -5*d**3 + 6*d**2 - 2*d + 3. Let x(v) = a*u(v) + l(v). Calculate x(3).
0
Let k be 4 + -2*(2 - 1). Let j(x) = -4*x**2 + x**2 - k - 3*x**2 + 7*x**2 - 6*x. Let v = -4 - -9. Determine j(v).
-7
Let q = 3 - 6. Let w = 1 + q. Let f = 2 - w. Let o(z) = z**3 - 5*z**2 + 4*z + 2. Give o(f).
2
Let m(j) = 5*j + 5. Let c(n) = -1. Let d(o) = -6*c(o) - m(o). Determine d(1).
-4
Let g(h) = -9*h**3 - 1. Let d = 2 + -1. Calculate g(d).
-10
Let j(x) = x**3 - 7*x**2 - 5. Let q be j(7). Let z = 7 + q. Let a(g) = -2*g**2 - 3*g**2 - 8*g + 4*g - 5 + 6*g**z. Calculate a(4).
-5
Let p(a) be the first derivative of 11*a**3/3 - a - 8. Give p(1).
10
Let z = 5 + 1. Suppose -3*n - z = -6*n. Let h(f) = -5*f**2 - 2*f - 1. Let g(v) = 9*v**2 + 3*v + 2. Let u(i) = -4*g(i) - 7*h(i). What is u(n)?
-1
Let r(c) be the first derivative of -c**4/4 + c**2/2 + 4*c + 13. Calculate r(0).
4
Let i(y) = 2*y + 2. Let o(x) = -x**2 - x + 3. Let c be o(0). Let t be (c*1)/(6/(-12)). Let k be (6 - 0) + 3 + t. Give i(k).
8
Let i = 18 - 24. Let u(v) = -v - 5. Calculate u(i).
1
Let s be ((-3)/1)/((-3)/5). Suppose s*z - 9 = 6. Let y(a) = a**3 - 5 + 5 + 1 - a**2 - a + z*a. Determine y(2).
9
Let n(i) be the first derivative of -5*i**2/2 - 3*i + 6. Give n(-2).
7
Let v(w) = 11*w**3 + w**2 - 2*w + 1. Let u be (-2)/((-4)/(-36)*-3). Suppose 3*z - u*z = -3. Determine v(z).
11
Let r(w) = 8*w**2 + 6*w + 1. Let f(h) = 23*h**2 + 17*h + 3. Let x(q) = -6*f(q) + 17*r(q). Calculate x(1).
-3
Let j(y) = -5*y + 4*y + 4*y. Calculate j(-3).
-9
Suppose -2*n - 4*r - 24 = 0, 5*n + 0*r + 5*r + 55 = 0. Let c = n - -7. Let m(k) be the first derivative of k**4/4 + 4*k**3/3 + 2*k**2 - k - 1. Determine m(c).
-4
Let v(z) = 2*z + z**2 - 3*z - 4*z - 1 - 4. Determine v(5).
-5
Let k be (-96)/(-9) + 4/(-6). Suppose -26 = -2*c - 2*q, 2*q = 8*c - 3*c - 30. Let o = k - c. Let t(h) = -h + 1. What is t(o)?
-1
Suppose -7*f - 32 = 10. Let q(j) = -j**3 - 5*j**2 + 3*j - 6. What is q(f)?
12
Let o(a) = -2*a - 2. Let w(z) = -z**3 - z**2 - 2*z - 4. Let u be w(0). Calculate o(u).
6
Let w(q) = 5*q - 4 - 4*q - 7. Calculate w(0).
-11
Let s(x) be the third derivative of x**5/60 - 5*x**4/12 + x**3/3 + 5*x**2. Let q be s(10). Let n(t) = -2 - t**2 - t + 5 - 1. Give n(q).
-4
Let y(n) = n + 2. Let u be y(-4). Let c be u + 14/2 + -2. Let w(l) = -2 + 0*l - c*l + 0 + 3. What is w(2)?
-5
Let q be (-21)/(-9)*(-2 + 5). Let g(z) = z**3 - 6*z**2 - 7*z - 2. Let v be g(q). Let a(x) = -x**3 + 2*x. What is a(v)?
4
Let d(o) be the second derivative of -2/3*o**3 + 1/4*o**4 - o + 3/2*o**2 + 0. What is d(2)?
7
Let w(t) = -t**3 - 7*t**2 - 7*t - 7. Suppose a + 10 = -2*q + q, 0 = -5*a - 2*q - 35. Let s(p) = p**3 + 5*p**2 + p - 1. Let n be s(a). Give w(n).
-1
Let h(z) = z**3 + 6*z**2 + 3*z - 5. Let b(j) be the first derivative of 3/2*j**2 + 4*j + 1. Let u be b(-3). Determine h(u).
5
Let n = -27 - -31. Suppose -2*m + 16 = 4*v - 6, n*v + m = 19. Let j(t) = t**2 - 3*t + 2. Give j(v).
6
Let i(y) = 7*y. Let j be i(-1). Let t(s) = -s**2 - 7*s + 7. Calculate t(j).
7
Let a(b) = 3*b - 24 - 25 + 48. Let c = -3 - -5. Suppose c*y + 7 = -5*p, -7 = y + 4*p - 2. Calculate a(y).
-4
Let n be (-3)/(18/8)*-3. Let m(s) be the third derivative of -2*s**2 + 0*s + 1/24*s**n + 2/3*s**3 + 0. Calculate m(4).
8
Let u(q) = q**3 - 3*q**2 + 2*q - 4. Let z(t) be the second derivative of t**3/6 - t**2 + t. Let x be z(5). Determine u(x).
2
Suppose -3*q - 2*q = 0. Let b be q + 5/(20/8). Let t(z) = -2*z. Determine t(b).
-4
Let z(h) = 3*h**3 - 9*h**2 + h + 9. Let l(t) = t**3 - 3*t**2 + 3. Let n(r) = 8*l(r) - 3*z(r). Calculate n(3).
-12
Let g(k) = -5*k + 6. Let b be g(2). Let f(m) = 5*m + 5. Let j(i) = -i - 1. Let p(w) = b*j(w) - f(w). What is p(-4)?
3
Let v(w) = -w**2 - 4*w + 9. Let d be v(-6). Let q(j) = 4*j**2 + 3*j - 3. Determine q(d).
24
Let n(m) = m. Let u(b) = b**3 - 4*b**2 + 2. Let r be u(4). Suppose -7*i + r*i + 4*p = -6, 0 = -4*i - 5*p + 13. Calculate n(i).
2
Let c(w) = 7*w**2 + 12*w - 21. Let p(z) = 3*z**2 + 6*z - 10. Let b(f) = -4*c(f) + 9*p(f). Suppose 0 = -0*q - q - 19. Let g = 24 + q. Calculate b(g).
-1
Let o = -65 + 59. Let r(h) = h**3 + 6*h**2 + 2*h + 9. Calculate r(o).
-3
Let w(q) = q**3 - 10*q**2 + q - 7. Let y be w(10). Suppose -a - 5*u + y*u = -3, -a + 5*u - 11 = 0. Let n(r) = -8*r**3 - r**2 - r - 1. Calculate n(a).
7
Suppose -7 + 3 = -2*h. Suppose h*q + 3*q + 10 = 0. Let d(v) = -v. Calculate d(q).
2
Suppose 5*i = 2*n, -2*i + 16 = -6*n + 2*n. Let w(k) = -2*k - 6. What is w(n)?
4
Let a = 89 + -87. Let d(c) = -6*c + 1. Calculate d(a).
-11
Let n = -4 - -4. Suppose n = 4*a + 4*i - 17 - 3, 0 = -i + 5. Let v(q) = q + q + q**2 - 6 + a*q. Determine v(-5).
9
Let m be -1 - 2 - 4/1. Let i(u) = u**2 + 5*u - 9. Give i(m).
5
Let n(t) = -t**3 - 4*t**2 - 4*t - 3. Let u be n(-4). Let o(b) = b - 18. Let r be o(u). Let z(g) = -3*g - 7. Determine z(r).
8
Let p(i) be the third derivative of -i**8/20160 - i**7/720 + i**6/360 - i**5/60 + 2*i**2. Let j(d) be the third derivative of p(d). Calculate j(-6).
8
Let s(k) = k**2 + 6*k + 1. Let q be 7/(-2)*48/(-28). Let p = -9 + q. Let a be -7 - (1 - 0) - p. Give s(a).
-4
Let q(c) = -10*c - 17. Let i(w) = 3*w + 6. Let a(x) = 7*i(x) + 2*q(x). Let t be a(-6). Let z(b) be the third derivative of b**4/12 - b**3/6 - b**2. Give z(t).
3
Let v(c) = c**2 - c - 4. Let x(q) be the third derivative of q**4/8 - q**3/3 + 2*q**2. Let a be x(2). Give v(a).
8
Let n = -1 + 0. Let c be 1 - (-3 - (n - 0)). Let g(p) = -7*p - p**3 - 7*p**2 + 4 - 5 + 0*p**c. What is g(-6)?
5
Let g be (-90)/(-25) - (-2)/5. Suppose g*o - 6 = 2*d, -2*o + 3*o = -3*d + 5. Let x be d + -2 + 2 + 0. Let p(k) = 5*k**2 - 2*k + 1. Determine p(x).
4
Let t(p) = -7*p**2. Let w = -3 + 4. Give t(w).
-7
Let o(c) = -c**3 + 3*c**2 + 5*c. Let v(q) = 2*q**2 - 9*q - 1. Let u(k) = 3*k**2 - 9*k. Let z(s) = -3*u(s) + 4*v(s). Let l be z(-8). Determine o(l).
4
Let x(u) = -u**3 - 3*u**2 + 8*u + 4. Let s = -9 + 4. What is x(s)?
14
Let t(g) = 8*g + 5. Let f(p) = -9*p - 6. Suppose -2*x + 29 = -3*n, -x + 3 = -n - 2*x. Let u(h) = n*t(h) - 6*f(h). What is u(2)?
-3
Let s(b) = -b**3 - 7*b**2 - 7*b - 6. Let v be s(-6). Let a(z) = 0*z + z - 108 + 55 + 58. What is a(v)?
5
Let f(t) be the first derivative of -t**4/4 - 2*t**3 + t**2/2 - 3*t - 1. Let o be 5 + (-38 + 5)/3. What is f(o)?
-9
Let b(c) = 2*c**3 - 8*c**2 + 6*c + 6. Let j(h) = 3*h**3 - 9*h**2 + 6*h + 6. Let z(i) = 4*b(i) - 3*j(i). Determine z(-6).
6
Suppose -14 = -9*l - 50. Let y(o) = -o - 8. Determine y(l).
-4
Let w = 7 + -7. Let i(t) = w*t**2 + 3 - 2*t**2 + 5*t**2 - 3*t + 0*t**2. Suppose -2*z = 2*z - 8. Calculate i(z).
9
Let g(z) = -4*z + 6. Suppose a - 1 = -p + 5, -5*a + 26 = 3*p. Give g(a).
-10
Let o(s) = -s**2 + 9*s - 8. Suppose -x - x = 36. Let v = x + 25. What is o(v)?
6
Suppose 4*r = -32 + 24. Let w(j) = -j**2 - 2*j - 1. What is w(r)?
-1
Let v be -5 - (